{"id":1397,"date":"2026-02-09T20:02:28","date_gmt":"2026-02-09T19:02:28","guid":{"rendered":"https:\/\/www.ensahv.cm\/?page_id=1397"},"modified":"2026-02-10T16:52:57","modified_gmt":"2026-02-10T15:52:57","slug":"eyango-tabi-theophile-ghislain-loic","status":"publish","type":"page","link":"https:\/\/www.ensahv.cm\/eng\/eyango-tabi-theophile-ghislain-loic\/","title":{"rendered":"Eyango Tabi Th\u00e9ophile Ghislain Lo\u00efc"},"content":{"rendered":"<div class=\"wp-block-group alignwide has-white-color has-text-color has-background is-content-justification-space-between is-nowrap is-layout-flex wp-container-core-group-is-layout-cb46ffcb wp-block-group-is-layout-flex\" style=\"border-style:none;border-width:0px;background-color:#3a6ebc;min-height:0px\">\n<div class=\"wp-block-group alignfull has-white-background-color has-text-color has-background has-small-font-size is-layout-flow wp-block-group-is-layout-flow\" style=\"color:#000000\">\n<div class=\"wp-block-group is-nowrap is-layout-flex wp-container-core-group-is-layout-6c531013 wp-block-group-is-layout-flex\">\n<figure class=\"wp-block-image size-thumbnail\"><img loading=\"lazy\" decoding=\"async\" width=\"150\" height=\"150\" src=\"https:\/\/www.ensahv.cm\/wp-content\/uploads\/2026\/02\/Photo-Eyango-150x150.jpeg\" alt=\"\" class=\"wp-image-1403\" srcset=\"https:\/\/www.ensahv.cm\/wp-content\/uploads\/2026\/02\/Photo-Eyango-150x150.jpeg 150w, https:\/\/www.ensahv.cm\/wp-content\/uploads\/2026\/02\/Photo-Eyango-300x300.jpeg 300w, https:\/\/www.ensahv.cm\/wp-content\/uploads\/2026\/02\/Photo-Eyango-12x12.jpeg 12w, https:\/\/www.ensahv.cm\/wp-content\/uploads\/2026\/02\/Photo-Eyango.jpeg 472w\" sizes=\"auto, (max-width: 150px) 100vw, 150px\" \/><\/figure>\n\n\n\n<h4 class=\"wp-block-heading has-white-color has-raft-accent-secondary-background-color has-text-color has-background has-link-color wp-elements-e59edd1016b896a15528d726ece53f88\" style=\"font-size:22px\">Dr. Eyango Tabi Th\u00e9ophile Ghislain Lo\u00efc&nbsp;<\/h4>\n<\/div>\n\n\n\n<h6 class=\"wp-block-heading has-text-align-center has-black-color has-light-green-cyan-background-color has-text-color has-background has-link-color wp-elements-a4a0dd0e2488794172f7dd812bd8ff6f\" style=\"font-size:16px\"><strong>D\u00e9partement d&rsquo;Aquaculture<\/strong><\/h6>\n\n\n\n<p><\/p>\n\n\n\n<p class=\"has-text-align-left\" style=\"font-size:16px\"><strong><em>Civilit\u00e9 :<\/em><\/strong> Monsieur<\/p>\n\n\n\n<p class=\"has-text-align-left\" style=\"font-size:16px\"><strong><em>Titre :<\/em><\/strong> Dr.<\/p>\n\n\n\n<p class=\"has-text-align-left\" style=\"font-size:16px\"><strong><em>Grade :<\/em><\/strong> Assistant<\/p>\n\n\n\n<p class=\"has-text-align-left\" style=\"font-size:16px\"><strong><em>Sp\u00e9cialit\u00e9 :<\/em><\/strong> Intelligence Artificielle appliqu\u00e9e aux sciences du vivant&nbsp;<\/p>\n\n\n\n<p class=\"has-text-align-left\" style=\"font-size:16px\"><strong><em>Fonction administrative :<\/em><\/strong> Enseignant-Chercheur <\/p>\n\n\n\n<p class=\"has-text-align-left\" style=\"font-size:16px\"><strong><em>Adresse e-mail institutionnelle :<\/em><\/strong>  loic.eyango.tabi@ensahv.cm<\/p>\n\n\n\n<figure class=\"wp-block-table\"><table class=\"has-pale-cyan-blue-background-color has-background\"><tbody><tr><td><strong>AXES DE RECHERCHE<\/strong><\/td><\/tr><tr><td>Mod\u00e9lisation et pr\u00e9diction par apprentissage automatique &#8212;&nbsp; Quantification de l\u2019incertitude (Bayesian Deep Learning) pour l\u2019aide \u00e0 la d\u00e9cision et la gestion du risque &#8212; MLOps en agro\/v\u00e9to : industrialisation des mod\u00e8les IA (tra\u00e7abilit\u00e9, reproductibilit\u00e9, d\u00e9ploiement, monitoring)<\/td><\/tr><\/tbody><\/table><\/figure>\n\n\n\n<p class=\"has-text-align-center has-raft-fg-alt-color has-text-color\" style=\"font-size:16px\"><strong>Recruitment through a national competition \/&nbsp;<em>National competitive recruitment examination<\/em><\/strong><\/p>\n\n\n\n<p><\/p>\n<\/div>\n<\/div>","protected":false},"excerpt":{"rendered":"<p>Dr. Eyango Tabi Th\u00e9ophile Ghislain Lo\u00efc&nbsp; D\u00e9partement d&rsquo;Aquaculture Civilit\u00e9 : Monsieur Titre : Dr. Grade : Assistant Sp\u00e9cialit\u00e9 : Intelligence Artificielle appliqu\u00e9e aux sciences du vivant&nbsp; Fonction administrative : Enseignant-Chercheur Adresse e-mail institutionnelle : loic.eyango.tabi@ensahv.cm AXES DE RECHERCHE Mod\u00e9lisation et pr\u00e9diction par apprentissage automatique &#8212;&nbsp; Quantification de l\u2019incertitude (Bayesian Deep Learning) pour l\u2019aide \u00e0 la [&hellip;]<\/p>","protected":false},"author":1,"featured_media":0,"parent":0,"menu_order":0,"comment_status":"closed","ping_status":"closed","template":"","meta":{"pagelayer_contact_templates":[],"_pagelayer_content":"","footnotes":""},"class_list":["post-1397","page","type-page","status-publish","hentry"],"_links":{"self":[{"href":"https:\/\/www.ensahv.cm\/eng\/wp-json\/wp\/v2\/pages\/1397","targetHints":{"allow":["GET"]}}],"collection":[{"href":"https:\/\/www.ensahv.cm\/eng\/wp-json\/wp\/v2\/pages"}],"about":[{"href":"https:\/\/www.ensahv.cm\/eng\/wp-json\/wp\/v2\/types\/page"}],"author":[{"embeddable":true,"href":"https:\/\/www.ensahv.cm\/eng\/wp-json\/wp\/v2\/users\/1"}],"replies":[{"embeddable":true,"href":"https:\/\/www.ensahv.cm\/eng\/wp-json\/wp\/v2\/comments?post=1397"}],"version-history":[{"count":3,"href":"https:\/\/www.ensahv.cm\/eng\/wp-json\/wp\/v2\/pages\/1397\/revisions"}],"predecessor-version":[{"id":1449,"href":"https:\/\/www.ensahv.cm\/eng\/wp-json\/wp\/v2\/pages\/1397\/revisions\/1449"}],"wp:attachment":[{"href":"https:\/\/www.ensahv.cm\/eng\/wp-json\/wp\/v2\/media?parent=1397"}],"curies":[{"name":"wp","href":"https:\/\/api.w.org\/{rel}","templated":true}]}}