{"id":1542,"date":"2026-02-12T12:40:23","date_gmt":"2026-02-12T11:40:23","guid":{"rendered":"https:\/\/www.ensahv.cm\/?page_id=1542"},"modified":"2026-02-12T12:40:41","modified_gmt":"2026-02-12T11:40:41","slug":"ebango-ngando-narcisse","status":"publish","type":"page","link":"https:\/\/www.ensahv.cm\/eng\/ebango-ngando-narcisse\/","title":{"rendered":"Ebango Ngando Narcisse"},"content":{"rendered":"<div class=\"wp-block-group alignwide has-white-color has-text-color has-background is-content-justification-space-between is-nowrap is-layout-flex wp-container-core-group-is-layout-cb46ffcb wp-block-group-is-layout-flex\" style=\"border-style:none;border-width:0px;background-color:#3a6ebc;min-height:0px\">\n<div class=\"wp-block-group alignfull has-white-background-color has-text-color has-background has-small-font-size is-layout-flow wp-block-group-is-layout-flow\" style=\"color:#000000\">\n<div class=\"wp-block-group is-nowrap is-layout-flex wp-container-core-group-is-layout-6c531013 wp-block-group-is-layout-flex\">\n<figure class=\"wp-block-image size-thumbnail\"><img loading=\"lazy\" decoding=\"async\" width=\"150\" height=\"150\" src=\"https:\/\/www.ensahv.cm\/wp-content\/uploads\/2026\/02\/Photo-Ebango-150x150.jpeg\" alt=\"\" class=\"wp-image-1525\"\/><\/figure>\n\n\n\n<h4 class=\"wp-block-heading has-white-color has-raft-accent-secondary-background-color has-text-color has-background has-link-color wp-elements-667ef982f05425c68f3b4f65c81a7316\" style=\"font-size:22px\">Dr. Ebango Ngando Narcisse\u00a0\u00a0<\/h4>\n<\/div>\n\n\n\n<h6 class=\"wp-block-heading has-text-align-center has-black-color has-light-green-cyan-background-color has-text-color has-background has-link-color wp-elements-195f5ef258e0a463ee866dbf04d7d1ee\" style=\"font-size:16px\"><strong>D\u00e9part<\/strong>ement d&rsquo;Oc\u00e9anographie et Limnologie<\/h6>\n\n\n\n<p><\/p>\n\n\n\n<p class=\"has-text-align-left\" style=\"font-size:16px\"><strong><em>Civilit\u00e9 :<\/em><\/strong> Monsieur<\/p>\n\n\n\n<p class=\"has-text-align-left\" style=\"font-size:16px\"><strong><em>Titre :<\/em><\/strong> Dr.<\/p>\n\n\n\n<p class=\"has-text-align-left\" style=\"font-size:16px\"><strong><em>Grade :<\/em><\/strong> Charg\u00e9 de Cours<\/p>\n\n\n\n<p class=\"has-text-align-left\" style=\"font-size:16px\"><strong><em>Sp\u00e9cialit\u00e9 :<\/em><\/strong> Oc\u00e9anographie et Ressources Halieutiques&nbsp;<\/p>\n\n\n\n<p class=\"has-text-align-left\" style=\"font-size:16px\"><strong><em>Fonction administrative :<\/em><\/strong> Enseignant-Chercheur ; Chef de Service de la Recherche et de la Coop\u00e9ration<\/p>\n\n\n\n<p class=\"has-text-align-left\" style=\"font-size:16px\"><strong><em>Adresse e-mail institutionnelle :<\/em><\/strong> ngandonarcisse@ensahv.cm<\/p>\n\n\n\n<figure class=\"wp-block-table\"><table class=\"has-pale-cyan-blue-background-color has-background\"><tbody><tr><td><strong>AXES DE RECHERCHE<\/strong><\/td><\/tr><tr><td>&#8211; Dynamique et Interactions biophysiques dans les \u00e9cosyst\u00e8mes marins ;<br>&#8211; Mod\u00e9lisation num\u00e9rique et t\u00e9l\u00e9d\u00e9tection en milieux c\u00f4tier et marin ;<br>&#8211; Biologie marine et ing\u00e9nierie des sites de mariculture.<br>Je m\u2019int\u00e9resse aux questions d\u2019Oc\u00e9anographie des P\u00eaches li\u00e9es \u00e0 la variabilit\u00e9 spatiotemporelle de variables abiotiques et biotiques en milieux c\u00f4tier et marin. Mes travaux portent sur la mod\u00e9lisation des relations et des interactions entre les ressources halieutiques et les facteurs environnementaux. Je travaille \u00e9galement sur le traitement d\u2019images satellitaires afin de caract\u00e9riser l&rsquo;\u00e9volution de ph\u00e9nom\u00e8nes complexes et les d\u00e9gradations en milieu c\u00f4tier et marin. Je porte aussi un int\u00e9r\u00eat \u00e0 la mariculture en relation avec la biologie et l&rsquo;ing\u00e9nierie des sites de culture.<\/td><\/tr><\/tbody><\/table><\/figure>\n\n\n\n<p class=\"has-text-align-center has-raft-fg-alt-color has-text-color\" style=\"font-size:16px\"><strong>Recruitment through a national competition \/&nbsp;<em>National competitive recruitment examination<\/em><\/strong><\/p>\n\n\n\n<p><\/p>\n<\/div>\n<\/div>","protected":false},"excerpt":{"rendered":"<p>Dr. Ebango Ngando Narcisse\u00a0\u00a0 D\u00e9partement d&rsquo;Oc\u00e9anographie et Limnologie Civilit\u00e9 : Monsieur Titre : Dr. Grade : Charg\u00e9 de Cours Sp\u00e9cialit\u00e9 : Oc\u00e9anographie et Ressources Halieutiques&nbsp; Fonction administrative : Enseignant-Chercheur ; Chef de Service de la Recherche et de la Coop\u00e9ration Adresse e-mail institutionnelle : ngandonarcisse@ensahv.cm AXES DE RECHERCHE &#8211; Dynamique et Interactions biophysiques dans les [&hellip;]<\/p>","protected":false},"author":1,"featured_media":0,"parent":0,"menu_order":0,"comment_status":"closed","ping_status":"closed","template":"","meta":{"pagelayer_contact_templates":[],"_pagelayer_content":"","footnotes":""},"class_list":["post-1542","page","type-page","status-publish","hentry"],"_links":{"self":[{"href":"https:\/\/www.ensahv.cm\/eng\/wp-json\/wp\/v2\/pages\/1542","targetHints":{"allow":["GET"]}}],"collection":[{"href":"https:\/\/www.ensahv.cm\/eng\/wp-json\/wp\/v2\/pages"}],"about":[{"href":"https:\/\/www.ensahv.cm\/eng\/wp-json\/wp\/v2\/types\/page"}],"author":[{"embeddable":true,"href":"https:\/\/www.ensahv.cm\/eng\/wp-json\/wp\/v2\/users\/1"}],"replies":[{"embeddable":true,"href":"https:\/\/www.ensahv.cm\/eng\/wp-json\/wp\/v2\/comments?post=1542"}],"version-history":[{"count":2,"href":"https:\/\/www.ensahv.cm\/eng\/wp-json\/wp\/v2\/pages\/1542\/revisions"}],"predecessor-version":[{"id":1544,"href":"https:\/\/www.ensahv.cm\/eng\/wp-json\/wp\/v2\/pages\/1542\/revisions\/1544"}],"wp:attachment":[{"href":"https:\/\/www.ensahv.cm\/eng\/wp-json\/wp\/v2\/media?parent=1542"}],"curies":[{"name":"wp","href":"https:\/\/api.w.org\/{rel}","templated":true}]}}